remainder when 107 is divided by h.
26
What is the remainder when 3436/16 + (-3)/(-12) is divided by 22?
17
Let t be (-374)/(-66) - (-2 + (-8)/(-3)). Let b = t - -99. Calculate the remainder when b is divided by 36.
32
Let p = 77 - 25. Suppose -2*n + 14 + 6 = 3*z, 0 = 2*n - 5*z - p. What is the remainder when 59 is divided by n?
11
Let q be 4/22 - (-3675)/55. Let i = -13 + q. Let k = 126 - i. What is the remainder when k is divided by 25?
22
Let o(x) = x. Let p be o(8). What is the remainder when 22 is divided by 1*9 + -6 + -6 + p?
2
Let t be 2592/90 + ((-4)/2)/(-10). Suppose -31 = -5*m - 3*v + t, 5*v - 5 = -2*m. What is the remainder when 29 is divided by m?
14
What is the remainder when (-4334)/(-10) + 28/(-70) is divided by 23?
19
Suppose -5*a + 3*d = 310, 24 = 5*d - 1. Let k = -40 - a. What is the remainder when 33 is divided by k?
14
Let d = 116 - 28. Suppose -2*o = 22 - d. What is the remainder when 130 is divided by o?
31
Suppose 0 = 2*c - 11 + 1, 5*c = j - 3. Let q be 0 + (-2)/1 + 417. Suppose 4*p + p + a = q, 2*p + 2*a - 166 = 0. Calculate the remainder when p is divided by j.
27
Suppose 0 = -5*w + 6*w - 74. Let o = w + -34. What is the remainder when 77 is divided by o?
37
Let r be ((-10)/(-6))/((-4)/12). Let v(s) = 5*s - 2. Let o(a) = 8*a - 3. Let b(w) = -5*o(w) + 7*v(w). What is the remainder when 103 is divided by b(r)?
25
Calculate the remainder when 182 is divided by 4/8*(104 - 30).
34
Let h = 4 - 5. What is the remainder when h*3/(-1) + 1 is divided by 4?
0
Let f(g) = 33*g**3 - 2*g + 1. What is the remainder when f(1) is divided by ((-75)/(-20))/(9/24) - 1?
5
Let z(p) = -p**2 - 39*p - 293. What is the remainder when 72 + 1 - 0/1 is divided by z(-11)?
13
Let x(a) = a**3 + 5*a**2 - 20. Let d be x(-4). Let l = d + 24. What is the remainder when 76 is divided by l?
16
Let y = 47 - 59. Calculate the remainder when 5 is divided by 42/35 - y/15.
1
Suppose 0 = -9*u + 1001 + 322. Suppose 2*a - u = -o, 3*a + 370 = 8*a + 5*o. What is the remainder when a is divided by 5?
3
Let y(h) = 4*h + 2. Let p be y(-11). Calculate the remainder when 40 is divided by (p/(-3))/(-3 + 4).
12
Let c(g) = 10*g**2 + 7*g + 19. Let t be c(-6). Let d = -208 + t. What is the remainder when d is divided by 34?
27
Let q = 43 + 20. What is the remainder when q is divided by (-18*14)/(-7)*(-3)/(-6)?
9
Let w(t) = -2. Let s(g) = g + 1. Let z(k) = 4*s(k) + 6*w(k). Suppose 0 = 8*j - 32 - 16. Calculate the remainder when z(6) is divided by j.
4
Suppose -5*g + 3*s + 335 = 0, 7*s = 4*g + 2*s - 281. Calculate the remainder when 50 is divided by (4 - 0/4) + g/2.
14
Let w be ((-51)/(-85))/(1/155). Suppose 0 = 89*c - w*c + 140. Calculate the remainder when c is divided by 9.
8
Let y(p) = p**3 + 8*p**2 + 31*p + 124. Calculate the remainder when y(-6) is divided by 36/10 - (-2)/5.
2
Suppose -17*l + 3 = -20*l. Let y = 11 - l. What is the remainder when 22 is divided by y?
10
Let i = 83 + -87. Calculate the remainder when 32 is divided by 6/((-120)/(-125)) - 3/i.
4
Suppose 0*t = 3*t - 5*r - 3057, -5*r = 4*t - 4076. What is the remainder when t is divided by 85?
84
Let w = -7 + 8. Let q be 1*(-32 - (w + -1)). Let n = 38 + q. What is the remainder when 9 is divided by n?
3
Let d be (10196/36 - 1) + 4/(-18). Suppose d - 60 = 6*i. What is the remainder when i is divided by 8?
5
Suppose 3*a = 4 + 5. Suppose -5*c + a*y = -24, -4*y = -3*c + 2*c + 15. Calculate the remainder when 9 is divided by c.
0
Suppose 0 = -12*m + 15*m + v - 1442, m - 484 = -2*v. Calculate the remainder when m is divided by 44.
40
Suppose 0 = l - 6*l + 90. Suppose -2*i + 2*q = -l, -q - 12 - 1 = -2*i. Calculate the remainder when 11 is divided by i.
3
Let x(v) = 2*v**2 + 6*v + 1. Let u be x(-5). Suppose -4*l + 9 = -3*n + 41, -5*l = n + u. Calculate the remainder when 29 is divided by 24/3*n/4.
5
Suppose -4*l = -2*l - 64. Suppose 32 = 34*d - l*d. Calculate the remainder when d is divided by 10.
6
Let l = -34 + 39. Suppose 247 = l*k - 3*g, 3*k - 49 = 2*k + g. Let w = -37 + k. Calculate the remainder when 23 is divided by w.
10
Let f = 9794 + -9656. Suppose -2*b = -0*b - 72. What is the remainder when f is divided by b?
30
Suppose -2*w - 5*l - 4 + 49 = 0, -5*w - 4*l + 70 = 0. Calculate the remainder when -7 + 4 + 28 + 2 is divided by w.
7
Suppose -2*v = -2*q + 8, -4*v - 2*q - 16 = -q. Calculate the remainder when 3*v/4*-9 is divided by 15.
12
Let x(b) = 14*b**2 + 7*b - 6. Calculate the remainder when x(3) is divided by 29.
25
Suppose -2*m + s = -11 + 3, 3*s + 6 = 0. Let t = m + 3. Let a = 11 - t. Calculate the remainder when 28 is divided by a.
3
Calculate the remainder when 4/14 - (-31800)/175 is divided by 28.
14
Let m be (-2)/((8/3)/(-4)). Suppose 36 = 4*j + 2*p - 0*p, m*p = -j + 4. Calculate the remainder when 28 is divided by j.
8
Let b(q) = -q - 3. Let z be b(-8). Suppose 2 = z*l - 23, 5*d - 100 = 3*l. Calculate the remainder when 89 - (1 - (2 + -1)) is divided by d.
20
Suppose 54*y = 43*y + 781. What is the remainder when y is divided by 9?
8
What is the remainder when 341 is divided by (7 - (-60)/(-10))*(-178)/(-2)?
74
Suppose -52*j - 1366 + 14938 = 0. Calculate the remainder when j is divided by 38.
33
Let z(y) = y**2 - 2*y. Let q(p) be the second derivative of p**4/12 + p**3/3 + 7*p**2/2 + 7*p. What is the remainder when q(-4) is divided by z(-2)?
7
Suppose -4*u + 3 = -5. Suppose 23 - 73 = -u*o. Suppose -5*f + 56 = 4*i, 0*i - 5*i - 5*f = -65. Calculate the remainder when o is divided by i.
7
Suppose 2*t = 3*t - 7. Let q be 3 + -1 - (0 - -6). What is the remainder when t is divided by 10/6*(7 + q)?
2
Calculate the remainder when 335 is divided by (1632/(-255))/(6/(-105)).
111
Let o(m) = -m**3 + 5*m**2 - 6*m + 21. Suppose 4*a = -u + 59, 3*u = 2*u + 3. Suppose -13*k = -a*k + 63. Calculate the remainder when k is divided by o(4).
11
Let d(a) = a**2 - 2*a - 3. Calculate the remainder when (13/(-52))/(4/(-624)) is divided by d(-4).
18
Suppose -76 + 52 = -p. Calculate the remainder when p is divided by 16.
8
Let y = -25 - -43. Suppose 0*j - 4*j = -128. Let r = j - y. What is the remainder when 39 is divided by r?
11
Suppose -1618*r + 1613*r + 235 = 0. What is the remainder when 751 is divided by r?
46
Let n = -8 - -5. Let r = 0 - n. Suppose 2*d + 3*u - 33 = -3*d, 23 = r*d + u. Calculate the remainder when 16 is divided by d.
7
Suppose 2*w + 8 = 6*w, w = -g + 21. Let k = g + -9. Suppose 75 = 5*f + 3*p, -k = -2*f + p + 20. What is the remainder when 44 is divided by f?
14
Suppose -5 - 10 = -5*b. Let g(d) = -3*d - 8. Let w be g(-4). Calculate the remainder when 8/2 - (-8)/w is divided by b.
0
Suppose 11*p = 13*p - 66. Suppose p + 147 = 4*b. What is the remainder when 89 is divided by b?
44
Suppose 270 = -6*v + 7*v. What is the remainder when v/12 - (-2)/(-4) is divided by 21/(-28) + (-35)/(-4)?
6
Suppose 403 + 1447 = 25*l. Calculate the remainder when l is divided by 5.
4
Let g = -2 + 0. Let p(m) = m**3 - m**2 + m - 8. What is the remainder when p(3) is divided by g/(-4)*14/1?
6
Suppose 96 = -5*a + 7*a. Suppose 5*v = v + a. Calculate the remainder when 34 is divided by v.
10
Let j(b) = -2*b**2 + 11*b + 9. Let t be j(6). What is the remainder when 634/18 - 6/27 is divided by (27/12)/(t/16)?
11
Let b = -1774 - -1797. What is the remainder when 56 is divided by b?
10
Suppose 0 = -4*a - 5*g - 3, a = -3*a - 4*g - 4. Suppose -q = -4*m + 8, -5*q + 0*m + 3*m = -45. Calculate the remainder when 135/4 - a/8 is divided by q.
10
Let u(j) = j**2 + 21*j - 1. Let z(w) = w**2 + 22*w. Let s(v) = -6*u(v) + 5*z(v). What is the remainder when 22 is divided by s(-16)?
4
Suppose 8*n - 10*n + 2 = 0. Let p(z) = 12*z - 1. Suppose -114 = -4*k + 46. Calculate the remainder when k is divided by p(n).
7
Let y be 28/(-12) + (-1)/(-3). Let p = -1 - y. Suppose 5*i - 102 = -3*z, -i = -3*z - p - 5. What is the remainder when i is divided by 7?
4
Calculate the remainder when (-2576)/28*2/(-8) is divided by ((-6)/4)/(1/(-6)).
5
Let v(d) = -7*d**3 - 4*d**2 + 16*d + 10. What is the remainder when v(-4) is divided by 102?
24
Let v = -428 + 622. Let f = v + -134. Calculate the remainder when f is divided by 21.
18
Let h be 1546/4 + 30/20. Suppose -44*p = -48*p + h. Calculate the remainder when p is divided by 20.
17
Suppose 25*y = 3205 + 95. What is the 